 prime factors of c(i).
5
Let y = -7 + 9. Suppose 4*w + r + 3*r - 12 = 0, -y*w - r + 6 = 0. Suppose -q + 3*l = 0, 4*l = w*q - 0*q - 5. List the prime factors of q.
3
Let a = 5 + 28. What are the prime factors of a?
3, 11
Suppose 4*y + 4*w - 14 - 14 = 0, 3*y = -2*w + 22. Let o = y + -5. Suppose b - 12 = -o*b. List the prime factors of b.
3
Suppose -q - q = 0. Let c = 2 + q. List the prime factors of 6/c - (-2 - -2).
3
Let p(r) = -r**2 + 6*r + 4. Let u = 15 - 23. Let w be (-24)/(-9)*(-18)/u. List the prime factors of p(w).
2
What are the prime factors of (-9)/6*92/(-3)?
2, 23
Suppose 3*h - i = 60, 0 = -0*h - 3*h - 4*i + 75. Suppose z - f + 4*f + h = 0, -z + 5*f = -11. Let w(p) = -p**2 - 10*p + 12. What are the prime factors of w(z)?
3, 7
Let s be 18/4 - 2/(-4). Suppose -32 = -s*j - 2. What are the prime factors of 10/8 - j/(-8)?
2
Let y be (1 + 0 + -9)/(-2). Suppose y*w - 96 = -0*w. List the prime factors of w.
2, 3
Let s = 128 + -76. What are the prime factors of s?
2, 13
Let u = 106 - 34. What are the prime factors of u?
2, 3
Let f(v) = -v. Let i(c) = -c**2 - 6*c + 4. Let u(z) = 2*f(z) - i(z). List the prime factors of u(-7).
17
Suppose -2*g + 5*c - 17 = -3*g, 5*c = 15. Let m be -1 + 30/((-4)/(-2)). Suppose -5*j = 5, g*f + j = -3*j + m. What are the prime factors of f?
3
Suppose 3*h = 6*h. Suppose 0*o - 4*o + 36 = h. What are the prime factors of o?
3
Suppose 4*q = 5*a + 81, 2*a - 3 = -5. Suppose -q = -5*y + 6. Suppose 5*j + 6 = -4, y*r - 87 = j. List the prime factors of r.
17
Suppose 2*k - 2 = 5*f, 5*k + 2*f - 5 = -3*f. List the prime factors of -1 - (-9)/k - 0.
2
Suppose 4*v + 144 = -2*f, -126 = 3*v + 5*f - 25. List the prime factors of -1 + (-2)/1 - v.
2, 17
Let c be 4/3 - (-4)/6. Let q be (c/3)/1*-3. Let g = q + 5. What are the prime factors of g?
3
Let w(d) = 10*d**2 + 13*d. Let h(f) = -3*f**2 - 4*f. Let q(s) = -7*h(s) - 2*w(s). Let m be q(-5). Suppose -9 = -4*a + m. List the prime factors of a.
2, 3
Let z = 61 - 15. List the prime factors of z.
2, 23
Let z(w) = -w - 5. Let v be z(-5). Suppose v = -h + 12 + 1. Suppose 2*f - h = 5. What are the prime factors of f?
3
Suppose -u = -6*h + h + 427, -5*u = -15. List the prime factors of h.
2, 43
Let c(d) = d**2 - 13*d + 19. Let r(k) = 14*k**2 - k + 2. Let n be r(1). What are the prime factors of c(n)?
7
Let s = -24 - -16. Let t be (-4)/(-3)*-3*5. List the prime factors of ((-30)/s)/((-5)/t).
3, 5
Let i = -17 - -34. List the prime factors of i.
17
Let r(c) = -2*c + 15*c**2 + 3 - 4 - 5*c**2 + 2. What are the prime factors of r(1)?
3
Let s(u) be the second derivative of -3/2*u**2 + 0 - u - 1/6*u**3. What are the prime factors of s(-9)?
2, 3
Let q(o) = -o**2 - o - 1. Let c(w) = 2*w**2 + 8*w - 4. Let m(b) = -c(b) - 3*q(b). Suppose 7*n - 6*n - 5 = 0. List the prime factors of m(n).
7
Let z = 0 + 2. Suppose z*p - 8 = -4. List the prime factors of -2*7*p/(-4).
7
Suppose -5*h + 0*h - 25 = -2*m, -2*m - 20 = 4*h. Suppose m = -0*n - 2*n - 16. List the prime factors of n/(-6)*18/4.
2, 3
Let z = 22 + -7. List the prime factors of (-7 + 5)*z/(-2).
3, 5
Suppose 3*g - 3 = -4*k + 8, 0 = k - 5*g + 3. List the prime factors of k/6*(-2 - -53).
17
Let j = -30 - -44. Suppose y = j - 6. What are the prime factors of y?
2
Suppose 2*f - 1 = 5. Suppose -4*o + 3*d + 2*d - 97 = 0, 3*d = f*o + 75. What are the prime factors of (o/10)/(1/(-5))?
2, 7
Suppose 5*k + 30 = -3*z - 22, -k - 3*z - 20 = 0. Let v(j) = -3*j - 10. What are the prime factors of v(k)?
2, 7
Let l = 267 - 154. List the prime factors of l.
113
Suppose -4*t + 140 = -2*t. Suppose -2*m - 18 + t = 0. What are the prime factors of m?
2, 13
Let h(t) = t + 8. Let a be h(-6). Let f be (a/(-6))/((-2)/24). Suppose 0 = f*z - 38 - 2. What are the prime factors of z?
2, 5
Suppose 4*s + 10 = -d + 265, 4*d = 4*s - 240. Suppose -2*l - 18 = 2*q, 5*l - q = 3*q - s. Let m = l + 26. List the prime factors of m.
3, 5
Let b(r) = r**3 - 5*r**2 - 4*r + 3. Let d be b(6). Suppose -x = 2*x - d. Suppose 0 = x*y - 17 - 38. List the prime factors of y.
11
Let d(f) = f**2 - 13*f - 26. List the prime factors of d(-7).
2, 3, 19
Let p be -16 - 0*1/3. Let u = p + 39. List the prime factors of u.
23
Let c = 13 + -8. What are the prime factors of c?
5
Let v(i) = -30*i - 7. List the prime factors of v(-2).
53
Suppose 4*i = -2*y + 56, 4*i + 3*y - 20 = 32. List the prime factors of i.
2
List the prime factors of (-26)/(-2) - (36/(-6))/6.
2, 7
Let b(r) = 14*r**3 - r**2 + 5*r - 19. List the prime factors of b(3).
5, 73
Suppose -80 = -j - 2*o, 3*j - 215 = o - 2*o. Suppose -t - j = 4*t. Let l = -10 - t. List the prime factors of l.
2
Let b = 8 - 4. Suppose -b = 4*f + 16. Let a(m) = -m**2 - 5*m + 5. List the prime factors of a(f).
5
Let s be 3/((-3)/(-12)*1). Suppose 3*m - m = s. List the prime factors of (-4)/m + (-16)/(-6).
2
Let i = -1 + 2. Let k(s) = 17*s + 2. What are the prime factors of k(i)?
19
Suppose 123 = 3*v + 4*t - 47, 0 = -v + 2*t + 60. What are the prime factors of v?
2, 29
Let a(r) be the first derivative of -r**3/3 - 4*r**2 + 5*r + 2. Let m be a(-8). Suppose 0 = -4*w + 8, -m*s + 35 = 2*w + 3*w. What are the prime factors of s?
5
Suppose -x = -2*x + 9. List the prime factors of x.
3
Suppose -4*q + 5*q - 17 = 5*t, -5*q + 85 = -4*t. What are the prime factors of q?
17
Let f be (1 - (-1)/(-1)) + -13. List the prime factors of (f/3 - -1)*-3.
2, 5
Suppose -s = -3*s + 8. List the prime factors of s.
2
Suppose 0 = g + 10 - 44. Suppose 0 = o + o - g. List the prime factors of o.
17
List the prime factors of 1765/15*4*(-12)/(-16).
353
Suppose -51 = 5*y + 94. Let d = 53 + y. What are the prime factors of d?
2, 3
List the prime factors of (-8)/(-4)*1 - -3.
5
Let u be 3/(-3) - 3/3. Let m be (-2)/(-2) - (u - 0). Suppose -4*f + 3 - 13 = m*p, 5*p + 3*f + 2 = 0. What are the prime factors of p?
2
Let z(d) = -5*d**2 + 13*d - 16. Let m(h) = 4*h**2 - 12*h + 15. Let o(f) = 6*m(f) + 5*z(f). List the prime factors of o(-8).
2
Let b(n) = -n**3 + 2*n**2 - 3*n + 3. Let d be b(2). Let c be (9/d)/(3/(-1)). Suppose -g - c = -4. List the prime factors of g.
3
List the prime factors of 4/(-10) - (-1976)/40.
7
Suppose -2*m + 145 = -7*m. Let h = 44 + m. List the prime factors of h.
3, 5
Let k(q) be the first derivative of -q**4/2 - q**3/3 + 2*q**2 + 3*q - 4. List the prime factors of k(-2).
7
Suppose 0 = v - 5*v + 16. Suppose 25 = v*h + h. List the prime factors of h.
5
Let m(h) = -h**3 + 4*h**2 + 8*h + 7. List the prime factors of m(-5).
2, 3
Let m = 76 - 47. What are the prime factors of m?
29
Let h(z) be the first derivative of 0*z + 1/4*z**4 - 4/3*z**3 + 2 + 1/2*z**2. What are the prime factors of h(4)?
2
Let t = -148 + 285. List the prime factors of t.
137
Let g(i) = -3*i - 1. Let c be g(3). What are the prime factors of 0 + 1 - c - -1?
2, 3
Let h(m) = -m**3 - 13*m**2 - 14*m + 4. Let x be h(-12). Let i = 55 - x. List the prime factors of i.
3
Suppose 0 = -3*s + 4*s - 634. List the prime factors of 2/11 - s/(-22).
29
Let t be (-3 - -3*7) + 1. Suppose t*n - 14*n = 150. What are the prime factors of n?
2, 3, 5
Suppose 114 = 6*u - 84. List the prime factors of u.
3, 11
Let o(f) be the third derivative of -1/20*f**5 - f**2 + 0 + 1/120*f**6 + 0*f + 1/6*f**3 + 1/24*f**4. List the prime factors of o(3).
2
Let m(q) = -1. Let p(h) = -2*h**2 + 7*h - 5. Let v(d) = -3*m(d) - p(d). List the prime factors of v(4).
2, 3
Suppose i + 4*i = -105. Let l = i - -30. Suppose 0 = -x + 6*x - f - 43, -5*f + l = 3*x. List the prime factors of x.
2
Let i be (-64)/(-28) + (-4)/14. What are the prime factors of (-47)/(-2)*4/i?
47
Suppose 0 = -3*f + 4*f - 20. List the prime factors of f.
2, 5
Let r = 8 + -4. Let t be 3 + -1 - r/(-4). Suppose -9 = -2*f + t. List the prime factors of f.
2, 3
Let m = -74 + 108. What are the prime factors of m?
2, 17
Suppose -y - 228 = -4*y - 5*m, 0 = -4*y - 3*m + 293. What are the prime factors of y?
71
Let r be (0 - -1) + (1 - -1). Suppose -3*v = a - 4*a + 27, -32 = -r*a + 2*v. List the prime factors of (8/a)/((-8)/(-28)).
2
Suppose 5*w - 7*w + 164 = 0. List the prime factors of w.
2, 41
Let i(x) = x**2 - 8*x - 4. Let s be i(9). Let c = -5 + s. Suppose -3*p + c*p = -24. List the prime factors of p.
2
Let w(t) = 2*t + 1. Let g = -1 - -10. What are the prime factors of w(g)?
19
Suppose 5*d = 4 - 19. Let g = 